(7).
7, 113
Let k(s) = -s**3 + 2*s**2 + 4*s - 1. Let v be k(3). Suppose 0 = v*i - 5*i + 21. What are the prime factors of i?
7
Suppose -67*d + 157906 = -549. What are the prime factors of d?
5, 11, 43
Suppose 135 = 3*n - 2*n. What are the prime factors of 2 - 5 - (5 - (n + 1))?
2
Suppose -45 = -5*a + 15. Suppose -2*n + 138 = 2*q, -11*q - 273 = -4*n - a*q. What are the prime factors of n?
2, 17
Suppose -5*i = 3*v + 474 - 3172, -2*v = -i + 537. What are the prime factors of i?
7, 11
Let a(k) = -k**3 - 4*k**2 + 16*k + 12. Suppose q - 3 = -10. What are the prime factors of a(q)?
47
Suppose -5*g - 215 = -6*g + 2*d, 5*g - 1107 = 2*d. What are the prime factors of g?
223
Let t = 635 + 77. What are the prime factors of t?
2, 89
Let o = -17 + 21. Let n be (-7 - -3)*(-14)/o. Let u = 21 - n. What are the prime factors of u?
7
Let g(w) = 8*w**2 + w. Let x(q) = -q**2 + q - 1. Let u(n) = g(n) + x(n). List the prime factors of u(1).
2
Suppose -9*v + 2*v + 3178 = 0. Suppose 0 = -0*q + 2*q - 5*d - 257, 0 = -4*q - 2*d + v. What are the prime factors of q?
2, 29
Let j(z) = -3*z**2 + 3*z - 7. Let g(n) = -n**2 + 1. Let t(b) = 2*g(b) - j(b). List the prime factors of t(6).
3
Let y(q) be the second derivative of q**4/6 - 2*q**3/3 + q**2/2 + 10*q - 1. Let i = 8 - 3. What are the prime factors of y(i)?
31
Let k(c) = -c**2 - 10*c + 6. Let d be k(4). Let m = d - -116. What are the prime factors of m?
2, 3, 11
Let t be (56/24)/((-1)/3). Let d = 17 + t. Suppose -5*j = -d*j + 190. What are the prime factors of j?
2, 19
Suppose 2*s + 69 = -4*r + 2551, -r - 2487 = -2*s. List the prime factors of s.
11, 113
Suppose -11*w + 15*w = -336. Let j = -21 - w. List the prime factors of j.
3, 7
Let j = -21 + 65. Suppose -4*o = -j - 12. What are the prime factors of o?
2, 7
Suppose 7 = r - 0*r - 3*x, -21 = -3*r + 2*x. Suppose -r*g = -8*g + 45. What are the prime factors of g?
3, 5
What are the prime factors of 630/36*(-134)/(-7)?
5, 67
Let s(m) = 15*m - 5*m + 5 - 4. Let v be s(-1). Let y = v - -18. What are the prime factors of y?
3
Let g(p) be the second derivative of p**4/12 - 3*p**3/2 + p**2 - 3*p. List the prime factors of g(13).
2, 3
Let y = -576 - -588. List the prime factors of y.
2, 3
Suppose -2*y + 2827 = -3*w, 0 = -16*y + 17*y + 3*w - 1400. What are the prime factors of y?
1409
Suppose -3*w - 3*f + 18 = w, 0 = -w + 2*f + 10. Suppose -8*v + 318 = -w*v. What are the prime factors of v?
3, 53
Suppose 4*p - 337 = 1143. Let a = p + -209. What are the prime factors of a?
7, 23
Let t be ((-41)/(-2))/(3/(-6)). Let r = t + 85. List the prime factors of r.
2, 11
Let v = 2067 - 1311. What are the prime factors of v?
2, 3, 7
Let b be 21*(-18)/(-21)*5. Suppose 230 = 2*t - 4*d, t + 3*d = -0*d + b. What are the prime factors of t?
3, 5, 7
Suppose -6*l + 1463 - 353 = 0. List the prime factors of l.
5, 37
Let v be (-1 - -2)/(10 + -11). Let b = 26 - 38. List the prime factors of (6/b)/(v/38).
19
Let d(m) = -2*m**2 + 4*m + 7. Let r(w) = -3*w**2 + 3*w + 6. Let p(g) = 4*d(g) - 5*r(g). Let x be p(-2). Suppose 15 = 3*q - x. What are the prime factors of q?
13
Let h = -47 - -368. List the prime factors of h.
3, 107
Let t(f) = 13*f**2 + 4*f - 33. What are the prime factors of t(-14)?
2459
Suppose 3*a = -4*j + 3, -2*a - j - 3*j = -6. Let f be a + 1 + (10 - 3). Suppose -f*s + 88 = -67. What are the prime factors of s?
31
Let n be (-13 - -11) + 0 + 5 - -1. Suppose -2*y = -n*y - 5*m + 2, 0 = -3*m - 6. What are the prime factors of y?
2, 3
Suppose -5*v = 4*j - 424, -7*j - 16 = -3*j. List the prime factors of v.
2, 11
Let x(i) = -i + 16. Let g be x(5). Let w be ((-75 - -2) + 1)*-1. Suppose 3*m - 59 = -5*q - g, -3*q - w = -3*m. List the prime factors of m.
3, 7
Let j be (1/(-7) + 1)*7. Let p = 243 - 228. Let i = p - j. What are the prime factors of i?
3
Let u = -85 - -113. Suppose 312 = -u*r + 31*r. List the prime factors of r.
2, 13
Suppose 0 = -4*h + 8229 + 3315. What are the prime factors of h?
2, 3, 13, 37
Suppose -v = 3*z + 4, 2 + 2 = -v. Suppose z*a + 11 = a + i, 2*a + i - 24 = 0. Let c(d) = -d**3 + 12*d**2 + 16*d - 3. What are the prime factors of c(a)?
2, 3
Let p be (387 + 2 + -2)/(60/200). Suppose s + p = 16*s. What are the prime factors of s?
2, 43
What are the prime factors of 3317 - (-2 - 6/((-36)/(-30)))?
2, 3, 277
Let v be (-54)/12*16/(-6). Let d be (16/v)/((-4)/(-9)). Suppose 4*t + 4*m + 0*m - 76 = 0, d*m = 6. List the prime factors of t.
17
Let q = -11 - -6. Let k(j) = -2*j - 8. Let u be k(q). Suppose -6*l + 48 = -u*l. List the prime factors of l.
2, 3
Let i = 53 - 106. Let o = i - -107. List the prime factors of o.
2, 3
Let p(y) be the third derivative of -13*y**4/24 + y**3/2 - 9*y**2. What are the prime factors of p(-3)?
2, 3, 7
Suppose 3324 = 17*o - 13*o. List the prime factors of o.
3, 277
Suppose 0 = -2*o + 2*q - 14, o + 11 = 4*o + 5*q. Let v = 11 + o. List the prime factors of (v/(-12))/(4/(-108)).
2, 3
Let g be 8 + -4 + (-20)/(-4). Suppose 0 = o - 26 + g. List the prime factors of o.
17
List the prime factors of 281840/140 - 2/14.
3, 11, 61
What are the prime factors of (-85)/25 - -3 - (-267330)/75?
2, 3, 11
Suppose -3*w + 3659 = -1870. Suppose 11*c - 511 = w. List the prime factors of c.
2, 107
Suppose -7075 = 355*d - 360*d. What are the prime factors of d?
5, 283
Let g be 4*1*1*(-1833)/52. List the prime factors of 4/((-8)/g) + (-9)/(-18).
71
Suppose 0 = -4*p + 1 - 21. Let w(y) = -21*y - 30. What are the prime factors of w(p)?
3, 5
Let g(x) = 0*x**3 + 11*x**2 + 6 - x**3 + 0*x**3 + 3*x**2 - 13*x. Let s be g(13). What are the prime factors of (20/s)/((-26)/(-351))?
3, 5
Suppose 16*c - 23359 - 35457 = 0. List the prime factors of c.
2, 919
Let n(y) = -y**2 + 13*y + 3. Suppose -r + 14 - 11 = 0. Suppose r*i + 36 = 7*i. List the prime factors of n(i).
3, 13
Suppose -4*r + 5*z = -3081, -r + 4*r - z = 2319. List the prime factors of r.
2, 3, 43
List the prime factors of 2*(-3)/(-12) + 2958/4.
2, 5, 37
Let b(i) = i**2 - 9*i + 65. List the prime factors of b(19).
3, 5, 17
Let a(s) = -s**2 - 11*s - 14. Let f be a(-10). What are the prime factors of 2 + 48 + f + 0?
2, 23
Suppose 0 = 3*t + 4*n + 1 + 2, 0 = -5*t - 4*n + 3. Suppose -t*v - 33 = 78. Let l = -5 - v. What are the prime factors of l?
2
What are the prime factors of (-1813)/(-14)*(-100)/(-35)?
2, 5, 37
Let d = 3569 + 1707. What are the prime factors of d?
2, 1319
List the prime factors of (-899*8)/(16/(-8)).
2, 29, 31
Let p = 2175 + -1282. List the prime factors of p.
19, 47
Suppose 45 = 2*c + 7*c. Suppose -2*w - 292 = -4*f - 6*w, 0 = -c*f + 2*w + 365. What are the prime factors of f?
73
Let y(q) = 2*q**3 - 9*q**2 - q + 66. What are the prime factors of y(5)?
2, 43
Let d(y) = -7*y - 28. Let b be d(-6). What are the prime factors of (-61)/(1 + -2) + 28/b?
3, 7
Suppose 3*i + 20 = 7*i. Suppose -i*a - 5*q = -1570, 3*a - 10*q + 6*q - 914 = 0. What are the prime factors of a?
2, 5, 31
Let v(m) = m**3 + 47*m**2 - 75*m - 77. What are the prime factors of v(-48)?
23, 53
Let j(x) = 2*x**2 - 11*x + 11. Let c be j(5). Suppose 8*b - 4*p = c*b + 166, 0 = -3*b - 3*p + 231. List the prime factors of b.
79
Let o(s) = s**2 + 2*s + 316. What are the prime factors of o(0)?
2, 79
Suppose -2*p + 3224 = -3*l, -6*l = -5*p - 2*l + 8053. What are the prime factors of p?
1609
Let s(z) = z**3 + 21*z**2 + 2. Let i be (0 + 7)*(4 + -7). Let m be s(i). List the prime factors of ((-6)/5)/(m/(-25)).
3, 5
Suppose -43427 = -52*z + 80385. List the prime factors of z.
2381
Let c(p) = 304*p**2 + 16*p + 10. What are the prime factors of c(-3)?
2, 19, 71
Suppose 4*n + 174 = 2*x, -2*n - 3*n - 351 = -4*x. Suppose -b = 3*a - 64, 5*a - 19 - x = -b. List the prime factors of a.
2, 11
Let x(a) = -92*a + 17. What are the prime factors of x(-14)?
3, 5, 29
Suppose 21*d - 2002 = 8*d. List the prime factors of d.
2, 7, 11
What are the prime factors of (-2)/(-6)*-2*(-2780787)/298?
6221
Suppose p + 7 = 3. Let x be (-1)/((16/p)/224). Suppose -5*q + x = -4*q. List the prime factors of q.
2, 7
Let f be -14 - (0/(-6) + -5). What are the prime factors of f/((-396)/(-8)) - 1014/(-11)?
2, 23
Suppose -5*g - r - 2 = 2*r, 18 = 5*g - 2*r. Suppose -3*j - w = 1, -4*j + g*j + w - 4 = 0. Let y = j - -9. List the prime factors of y.
2
Suppose -4*b + 1740 = 3*q, -4*q - 2*b + 2442 = 132. What are the p